*n = -5*z + 19, 4*z + 3*n - 2 - 4 = 0. Suppose 0 = 4*q + z*t - 218, 4*q + 2*t = t + 214. Is q a composite number?
False
Let s(n) = 10*n - 3. Let o(y) = -5*y - 1. Let m be o(-1). Is s(m) prime?
True
Let v = 3196 - 62. Is v a prime number?
False
Let o be (8 + -13)*(-4)/10. Suppose -2*x = o*x - 148. Is x a composite number?
False
Let r(l) = -112*l**3 - 3*l**2 - l + 1. Is r(-2) a composite number?
False
Suppose 7*z = 4*z + 2361. Is z prime?
True
Let r be (-20)/(-5) + 1*-2. Let q be (-1 - -22 - 2)*r. Suppose 0*j - q = -2*j - 2*v, 2*j - v = 38. Is j a composite number?
False
Suppose -3*h = h - 232. Is h a composite number?
True
Let r = -10 + 27. Suppose -5*a = -1943 - r. Let j = a + -105. Is j composite?
True
Suppose 4*x = 175 + 105. Is (2/5)/(2/x) composite?
True
Let j(s) = -s**2 - s + 64. Let m be j(0). Let v = 156 + -39. Let g = v - m. Is g a prime number?
True
Let g(o) = o. Let t(j) = j**3 - j**2 - 5*j + 85. Let d(h) = 6*g(h) + t(h). Let l be (-9)/54 + 2/12. Is d(l) composite?
True
Let o = -11 + 16. Suppose -o*a = -n - 1053, 2*a - a - 4*n = 203. Is a a composite number?
False
Suppose -l = l - 894. Is l composite?
True
Suppose 19 = 5*n + 4. Let t(h) = 11*h + 4. Is t(n) a prime number?
True
Suppose f - 4*s + 26 = 6*f, f - 14 = -3*s. Suppose 2*u - 13 = 5*t, 0 = -5*u - f*t + 38 + 38. Is u prime?
False
Let q(z) = 31*z - 4. Let i = -6 - -9. Is q(i) a composite number?
False
Is 119 + (4 - 1)/1 prime?
False
Let a = 3 - 0. Suppose a*g = 21 + 54. Is g prime?
False
Let w(r) = -20*r - 13. Is w(-7) a composite number?
False
Let n = 19 + 2. Let g(s) = -s**3 - 2*s**2 - 2*s - 5. Let v be g(-4). Suppose v = 4*t - n. Is t composite?
True
Let i be 2/3*3*2. Suppose -r = 3*r + p - 237, 3*r = i*p + 173. Is r a prime number?
True
Let r(k) = 75*k**2 + 1. Let j be r(5). Suppose -2*z + j = 2*z. Is z a composite number?
True
Let x = 799 + -170. Is x composite?
True
Suppose 0 = -o + 2*l, 4*o - 36 = -3*l + 2*l. Let v(w) = 16*w - 1. Is v(o) a composite number?
False
Suppose -2*c + 12 = -4. Suppose -c*r + 237 = -5*r. Is r a composite number?
False
Is (-11)/(44/(-648)) + (-2)/2 a composite number?
True
Let v(d) be the second derivative of d**4/12 - d**3/2 - 11*d**2/2 - d. Suppose -2*j = -j + 8. Is v(j) prime?
False
Suppose k + 2975 = 6*k. Suppose 5*i = -0*i + k. Is i a composite number?
True
Let x = 1 + 1. Let t = 147 - x. Is t a composite number?
True
Is 3/((-9)/21)*-157 a composite number?
True
Suppose -6 = -v - v. Suppose 3*b + 4*h - 14 = 0, 2*b + 12 = v*b + 5*h. Suppose b*c - 441 = -d, 3*c - 5*d = 455 + 213. Is c a prime number?
False
Let x = -1228 + 1719. Is x prime?
True
Suppose 2*d = 2 + 6. Suppose 0 = -d*l + 22 - 2. Suppose 2*q + l*w = 53, 0 = -5*q - w + 4*w + 86. Is q prime?
True
Let d(a) = 114*a + 2. Let v be d(-3). Is (0 - 1)*v/4 a composite number?
True
Let s be (0/1)/(-5 + 7). Suppose -2*q + 70 = -s*q. Is q prime?
False
Is (31/(-2))/((-10)/100) composite?
True
Suppose -l - 5*v - 289 + 808 = 0, -3*v = -5*l + 2455. Suppose i = 5*t + 121 + 47, -l = -3*i + 5*t. Is i a prime number?
True
Let a = 1576 + -1055. Is a a composite number?
False
Suppose 0 = 4*q - 116 + 464. Let n be 18/45 + 27/(-5). Is 2 - (-5)/(n/q) composite?
False
Let d(k) = -k + 6. Let h be d(4). Is 2/4*h*163 a composite number?
False
Let y(j) = 30*j - 7. Suppose -3*t = -4*t + 4. Is y(t) prime?
True
Let y(u) = 24*u - 1. Is y(6) a composite number?
True
Let z = -8 - -10. Let c(v) = 5 + 3*v + 4*v**z + 0*v**2 + v**2. Is c(-5) composite?
True
Suppose -4*x = -x - 6. Suppose -82 = -2*t - 32. Suppose -y + 2*o - 1 = -x*o, -5*y + 5*o = -t. Is y composite?
False
Let q(r) = -3*r**3 + 77*r**3 - 3*r**2 - 1 + r**2 + r. Let o be q(2). Suppose -5*b + o = -2*n, 367 = 3*b - 0*n + 2*n. Is b a composite number?
True
Suppose 3*k = -1469 + 6152. Is k a prime number?
False
Let y be 0 + -2 + (0 - 2). Let o(v) = 2*v**2 - 4*v - 2. Is o(y) a composite number?
True
Let g be 334/(-30) - (-2)/15. Let x(b) = -5*b - 8. Is x(g) a prime number?
True
Let u(s) = -50*s - 3. Let p(a) = -99*a - 7. Let c(h) = -2*p(h) + 5*u(h). Is c(-3) prime?
False
Suppose 4*c = 5*c - h + 1, 4*c + 5*h - 23 = 0. Suppose 9*j + 3040 = 8566. Suppose 0 = -c*x - 0*x + j. Is x prime?
True
Suppose -l = 5*k - 40 - 1296, 0 = -l + 4*k + 1381. Is l a prime number?
True
Let h(t) = 4*t**2 + 3*t + 1. Let m be (-2)/7 - (-48)/21. Suppose -12 = m*c - 0*c. Is h(c) prime?
True
Suppose -26 - 10 = 4*w. Is (-501)/w + 6/(-9) a composite number?
True
Let i(d) = -19*d - 4. Let g be (-2)/((-9)/15 - -1). Is i(g) a prime number?
False
Let o(k) = k + 14. Let i be o(-9). Suppose 4*c - i*r - 6 = 11, 4*r = -3*c + 5. Suppose 8*q - c*q = 55. Is q a prime number?
True
Let y be (-472)/(-18) + 14/(-63). Suppose -5*h + y = -4. Is h a prime number?
False
Let n be (0/1)/(-1)*-1. Is n + 3/((-9)/(-1191)) composite?
False
Suppose -2*w = -d - 32, -3*w + 48 = -0*w - 4*d. Let c = -11 + w. Is 2/c - 186/(-10) a composite number?
False
Suppose 5*s = -2*g - 6, 0 = g - 0*g + s + 3. Let c be 1968/(-40)*10/g. Suppose -5*f + 581 = -c. Is f composite?
False
Let g be 51/4*48/18. Suppose 2*z - g = 4. Is z prime?
True
Let z(p) = p**3 - 4*p**2 + 6*p + 5. Let v be z(5). Let i = 106 - v. Is i composite?
True
Let a be 5*(3 + -2)*5. Let y be a/9 - 4/(-18). Suppose 0 = -0*z + 2*z - 5*b - 45, y*z + 4*b - 79 = 0. Is z prime?
False
Suppose -3*l = -5*v + 2*l + 15, -3*v + 4*l + 9 = 0. Suppose -2 = -4*o + 10. Suppose -x + m = -2*x + 24, -o*x + v*m = -54. Is x a prime number?
False
Let t = -1 + 4. Is t - 2 - (-1 - 63) composite?
True
Let k(d) = 2*d**2 + 5*d + 2. Let g(o) = -2*o**2 - 4*o - 2. Let s(b) = -4*g(b) - 3*k(b). Let n be s(-4). Suppose -106 - n = -4*h. Is h composite?
True
Suppose -j + 3*i + 2*i + 22 = 0, 0 = 2*j - 4*i - 20. Suppose -j*m - 268 = -6*m. Is m a composite number?
False
Let u(c) = 5*c**2 - 2*c - 1. Let o be (-19)/(-38) - (-10)/4. Is u(o) composite?
True
Let x(q) = -q**3 + 4*q**2 + 6*q + 1. Let j be x(6). Let a = j + 82. Is a composite?
False
Let x be (6/(-5))/(14/(-35)). Suppose -5*y = -g + 2*g - 1087, -x*y + g = -649. Is y a prime number?
False
Suppose 5*n - 2139 = -4*q, 0 = 3*n + 8*q - 5*q - 1281. Is n a prime number?
True
Let h = 3 + -8. Let p = h - -10. Suppose -16 = -p*t + 49. Is t a composite number?
False
Suppose 2*y = 227 + 483. Is y a prime number?
False
Let m(j) = -2*j**3 + 10*j**2 - 4*j - 6. Let d = 18 + -11. Let i be m(d). Let s = i + 341. Is s composite?
True
Let o be (3 - 0)/(-3) + 31. Suppose 0 = 2*v - 3*d + 36, v = -3*v - 3*d - 54. Let x = v + o. Is x a composite number?
True
Let i(a) = -29*a - 4. Suppose -b + z - 4 = 0, -b - 37 = 2*b + 2*z. Is i(b) a prime number?
True
Let v = 11 - 6. Suppose v*l + w = 293, -3*l + 0*l + 171 = 3*w. Is l a composite number?
False
Let h be 54/10 - (-2)/(-5). Suppose -h*s + 248 + 207 = 0. Let t = s - 65. Is t prime?
False
Is (-5 - 0/(-3))*-229 a composite number?
True
Let j = 25 - 4. Let s be (-4)/(-14) - (-477)/j. Let r = s + 2. Is r a composite number?
True
Let c = 1 - 0. Let r = c + 0. Is 8 + 0 + (-2)/r a prime number?
False
Suppose 0 = 2*n - 1171 - 123. Is n composite?
False
Suppose 4*v - 2*i - 123 = 913, -259 = -v - 3*i. Is v composite?
True
Suppose 2*a = -2*b + 4*a + 1388, -a = b - 688. Is b composite?
False
Suppose 0 = i + 6*i - 3437. Is i prime?
True
Let j be (-2 - 3) + 0/2. Let g(m) = -3*m**3 - 6*m**2 + 3*m + 5. Is g(j) prime?
False
Suppose c - 99 = -417. Let r = 787 + c. Is r composite?
True
Suppose 3*b - 5*b = -470. Is b a composite number?
True
Is (2 - 19)/((-3)/33) prime?
False
Let w(v) = -v**2 - 26*v - 8. Let u(r) = r**2 + 27*r + 8. Let j(b) = 3*u(b) + 4*w(b). Is j(-14) prime?
False
Suppose -2*i + 3*h = -2*h - 17, 4*h + 20 = 0. Let y be (i - -5)*(-6)/(-2). Suppose 104 = 5*x + 2*c - 153, x = y*c + 65. Is x prime?
True
Let d = -229 - -812. Is d prime?
False
Suppose -5*j + 20 = 0, -l + 1576 = 2*j + 442. Is l a prime number?
False
Suppose -1225 = -7*n + 1449. Is n composite?
True
Suppose z + 15 = 5*s - 3*z, -s = z - 3. Suppose -s*r - r - 436 = -2*c, r - 446 = -2*c. Is 4/6*c/4 composite?
False
Let t(r) = 157*r + 24. Is t(11) prime?
False
Suppose 5*b = 15*b - 2030. Is b prime?
False
Let k = -7526 + 11231. Suppose 5*p - k = -0*p. Let h = -518 + p. Is h composite?
False
Let n = 123 + -66. Is 4/14 - n/(-21) composite?
False
Let g = 1929 - -1000. Is g a pr